e factors of 527386?
2, 167, 1579
What are the prime factors of 3174328?
2, 463, 857
What are the prime factors of 3522877?
3522877
List the prime factors of 421884.
2, 3, 11719
List the prime factors of 7479489.
3, 59, 42257
List the prime factors of 15586.
2, 7793
List the prime factors of 15021051.
3, 5007017
What are the prime factors of 655474?
2, 327737
List the prime factors of 2332930.
2, 5, 233293
List the prime factors of 4609655.
5, 921931
List the prime factors of 110119.
110119
List the prime factors of 49034.
2, 24517
List the prime factors of 1076168.
2, 17, 41, 193
List the prime factors of 409216.
2, 23, 139
List the prime factors of 81359.
81359
List the prime factors of 22818461.
23, 53, 18719
List the prime factors of 8917573.
7, 1273939
List the prime factors of 232386.
2, 3, 7, 11, 503
List the prime factors of 5063053.
1447, 3499
List the prime factors of 90223.
7, 12889
What are the prime factors of 233403?
3, 77801
What are the prime factors of 7755688?
2, 969461
List the prime factors of 2119505.
5, 109, 3889
List the prime factors of 1551044.
2, 11, 35251
What are the prime factors of 9258146?
2, 53, 167, 523
List the prime factors of 241080.
2, 3, 5, 7, 41
List the prime factors of 256365.
3, 5, 211
What are the prime factors of 31749362?
2, 15874681
What are the prime factors of 293261?
293261
List the prime factors of 2938946.
2, 773, 1901
What are the prime factors of 486719?
61, 79, 101
List the prime factors of 6177874.
2, 593, 5209
What are the prime factors of 30490301?
61, 97, 5153
What are the prime factors of 7928748?
2, 3, 220243
List the prime factors of 6764888.
2, 13, 29, 2243
List the prime factors of 14129912.
2, 23, 41, 1873
List the prime factors of 9367178.
2, 4683589
List the prime factors of 26534.
2, 13267
List the prime factors of 11296485.
3, 5, 251033
List the prime factors of 197962.
2, 98981
What are the prime factors of 8025279?
3, 2675093
What are the prime factors of 86573?
86573
What are the prime factors of 375524?
2, 269, 349
List the prime factors of 3239896.
2, 11, 3347
List the prime factors of 355776.
2, 3, 17, 109
List the prime factors of 26843345.
5, 47, 103, 1109
List the prime factors of 414245.
5, 13, 6373
What are the prime factors of 8948649?
3, 2982883
What are the prime factors of 198485?
5, 7, 53, 107
What are the prime factors of 793456?
2, 101, 491
List the prime factors of 1158115.
5, 7, 29, 163
What are the prime factors of 15095258?
2, 101, 74729
List the prime factors of 83462.
2, 29, 1439
List the prime factors of 1807585.
5, 13, 27809
What are the prime factors of 84536?
2, 10567
What are the prime factors of 10056289?
3019, 3331
What are the prime factors of 3331832?
2, 7, 59497
List the prime factors of 5405384.
2, 181, 3733
List the prime factors of 11688.
2, 3, 487
List the prime factors of 1747563.
3, 19, 23, 31, 43
List the prime factors of 7466481.
3, 11, 53, 1423
List the prime factors of 277829.
277829
What are the prime factors of 44004710?
2, 5, 619, 7109
List the prime factors of 418316.
2, 104579
What are the prime factors of 650952?
2, 3, 9041
What are the prime factors of 174724?
2, 11, 19
List the prime factors of 18699297.
3, 827, 7537
What are the prime factors of 1168084?
2, 292021
List the prime factors of 13439047.
13439047
What are the prime factors of 160874?
2, 7, 11491
List the prime factors of 115076.
2, 13, 2213
List the prime factors of 321727.
7, 19, 41, 59
What are the prime factors of 4511975?
5, 13, 13883
List the prime factors of 3140534.
2, 1570267
What are the prime factors of 1302250?
2, 5, 5209
What are the prime factors of 148101?
3, 49367
What are the prime factors of 973450?
2, 5, 19469
What are the prime factors of 3205824?
2, 3, 59, 283
List the prime factors of 4402399.
4402399
What are the prime factors of 8955555?
3, 5, 7, 19, 67
List the prime factors of 8145598.
2, 239, 17041
What are the prime factors of 2662762?
2, 1331381
What are the prime factors of 164975?
5, 6599
List the prime factors of 22606.
2, 89, 127
List the prime factors of 146920.
2, 5, 3673
What are the prime factors of 171634?
2, 85817
List the prime factors of 226822.
2, 19, 47, 127
What are the prime factors of 3627651?
3, 19, 31, 2053
What are the prime factors of 1364518?
2, 682259
What are the prime factors of 543122?
2, 23, 11807
What are the prime factors of 17747592?
2, 3, 17, 43499
What are the prime factors of 1060944?
2, 3, 23, 31
What are the prime factors of 792031?
792031
What are the prime factors of 725111?
725111
What are the prime factors of 1926577?
47, 179, 229
What are the prime factors of 588672?
2, 3, 7, 73
List the prime factors of 7046397.
3, 19, 89, 463
What are the prime factors of 997742?
2, 37, 97, 139
List the prime factors of 333983.
13, 23, 1117
What are the prime factors of 19204209?
3, 237089
What are the prime factors of 699944?
2, 7, 29, 431
What are the prime factors of 101207?
101207
List the prime factors of 80820.
2, 3, 5, 449
List the prime factors of 448233.
3, 149411
List the prime factors of 9846.
2, 3, 547
List the prime factors of 458660.
2, 5, 17, 19, 71
What are the prime factors of 258856?
2, 13, 19, 131
What are the prime factors of 30535372?
2, 7, 31, 127, 277
List the prime factors of 700428.
2, 3, 58369
List the prime factors of 362829.
3, 120943
List the prime factors of 1417745.
5, 7, 40507
What are the prime factors of 861692?
2, 13, 73, 227
List the prime factors of 611795.
5, 37, 3307
List the prime factors of 143302.
2, 137, 523
List the prime factors of 386345.
5, 77269
List the prime factors of 320091.
3, 23, 4639
List the prime factors of 980255.
5, 196051
What are the prime factors of 30461105?
5, 509, 11969
What are the prime factors of 332456?
2, 29, 1433
List the prime factors of 1051187.
163, 6449
What are the prime factors of 693121?
11, 13, 37, 131
List the prime factors of 34080708.
2, 3, 2840059
List the prime factors of 997156.
2, 89, 2801
List the prime factors of 208995.
3, 5, 13933
List the prime factors of 104652.
2, 3, 17, 19
What are the prime factors of 123913?
17, 37, 197
What are the prime factors of 775433?
41, 18913
What are the prime factors of 83774?
2, 41887
What are the prime factors of 22124660?
2, 5, 1106233
What are the prime factors of 19440568?
2, 7, 359, 967
What are the prime factors of 28846727?
7, 13, 359, 883
List the prime factors of 5509606.
2, 2754803
List the prime factors of 431998.
2, 7, 59, 523
List the prime factors of 1831243.
1831243
List the prime factors of 3078014.
2, 797, 1931
List the prime factors of 14554245.
3, 5, 269, 3607
List the prime factors of 1858002.
2, 3, 309667
What are the prime factors of 583097?
59, 9883
List the prime factors of 610858.
2, 43, 7103
List the prime factors of 494601.
3, 113, 1459
List the prime factors of 25391908.
2, 23, 275999
List the prime factors of 1860560.
2, 5, 13, 1789
What are the prime factors of 21827596?
2, 7, 31, 25147
What are the prime factors of 13668064?
2, 53, 8059
List the prime factors of 12585909.
3, 7, 739, 811
List the prime factors of 12955648.
2, 3163
What are the prime factors of 430777?
97, 4441
List the prime factors of 1268260.
2, 5, 7, 9059
List the prime factors of 224278.
2, 112139
What are the prime factors of 5190856?
2, 11, 61, 967
What are the prime factors of 342279?
3, 7, 1811
What are the prime factors of 826483?
7, 101, 167
List the prime factors of 271654.
2, 37, 3671
List the prime factors of 1277510.
2, 5, 13, 31, 317
List the prime factors of 9646210.
2, 5, 7, 137803
List the prime factors of 2786158.
2, 1393079
List the prime factors of 3757764.
2, 3, 313147
What are the prime factors of 5701283?
7, 814469
List the prime factors of 407655.
3, 5, 9059
List the prime factors of 96365.
5, 19273
List the prime factors of 1112687.
97, 11471
What are the prime factors of 1860207?
3, 449, 1381
What are the prime factors of 573447?
3, 7, 47, 83
What are the prime factors of 3942456?
2, 3, 7, 31, 757
List the prime factors of 1763305.
5, 352661
What are the prime factors of 35630?
2, 5, 7, 509
What are the prime factors of 439336?
2, 54917
List the prime factors of 4697433.
3, 13, 1487
What are the prime factors of 19148345?
5, 71, 53939
What are the prime factors 